 the highest common factor of 9 and w?
9
Let u = 1 - -2. Suppose -8*n + u*n = -210. What is the highest common divisor of n and 14?
14
Let r be ((-15)/(-20))/((-1)/16). Let y = r + 20. What is the highest common divisor of 8 and y?
8
Suppose -44 + 19 = -5*c. Let l(w) = 2*w**2 - 9*w - 5. Let b be l(7). What is the highest common factor of c and b?
5
Let i = 23 + 4. Let z = 0 + 3. Suppose -5*m + 82 = -0*c - 2*c, 0 = 4*m - z*c - 60. What is the highest common divisor of m and i?
9
Let o be (-14)/4*40/(-7). What is the greatest common factor of 180 and o?
20
Let m(r) = 6*r - 15. Let p be m(9). Calculate the greatest common divisor of 351 and p.
39
Let l(j) = j**2 + 8 + 17 + 0*j**2 - j + 17 + j**3. Suppose 0 = 5*n - 5*c + 20, -2*c + 8 = -0. Let t be l(n). Calculate the highest common divisor of t and 14.
14
Let r = -25 + 49. Let o = -5 - -5. Suppose -w + 0*w + 120 = o. Calculate the greatest common factor of w and r.
24
Let c be 3*(-1 - 0) + -2. Let d be 33/(-5) - (-2)/c. Let h(n) = -n**2 - 10*n - 7. Let s be h(d). What is the highest common factor of 2 and s?
2
Let k(z) = z**2 - 1. Let x be k(5). Let c(t) = -t**2 - 6*t + 7. Let p be c(-7). Suppose p = -2*a - 7 + 19. Calculate the highest common factor of x and a.
6
Let a(m) = m**2 + 56. Let r be a(0). Suppose v = -3*v + r. Let u = v - 6. Calculate the highest common divisor of u and 2.
2
Let u = -13 - -25. Calculate the greatest common factor of 132 and u.
12
Let z be (-6*3/3)/1. Let n be (-3)/z + (-205)/(-10). What is the highest common divisor of 3 and n?
3
Let z(g) = -6*g - 11. Let l be z(-5). What is the greatest common divisor of l and 57?
19
Suppose 12*d + 20 = 14*d. Calculate the highest common factor of d and 50.
10
Let m = -203 - -78. Let w = 10 + m. Let u = w - -203. What is the greatest common divisor of 22 and u?
22
Let h(o) = o**2 + o - 6. Let f be h(5). Let m = f + -22. Calculate the highest common factor of m and 2.
2
Let v = 19 - 7. Let p be 6*(3 + 0 + -2). Suppose a + 600 = p*a. Calculate the greatest common divisor of a and v.
12
Let z = -55 + 85. What is the greatest common factor of 12 and z?
6
Let k = 36 - 11. Calculate the highest common factor of 125 and k.
25
Let j = 4 - 2. Suppose j = u - 4*r + 8, 0 = -3*u - 4*r + 46. Let n = 194 - 114. What is the greatest common divisor of u and n?
10
Let l(k) = -k**2 - k - 1. Let v(u) = -5*u**2 - 13. Let q(z) = -6*l(z) + v(z). Let y be q(-9). What is the highest common factor of y and 60?
20
Let u = 7 + 0. What is the greatest common divisor of u and 28?
7
Let b = 207 - 88. Let r(f) = -f**2 + 11*f - 1. Let s(k) = 3*k - 3. Let q be s(4). Let d be r(q). What is the greatest common divisor of d and b?
17
Suppose -d + 16 - 7 = 0. Suppose -5*r - 2*m + 186 = 0, 2*r + 5*m - 60 = 27. Calculate the greatest common divisor of r and d.
9
Let t be -1 + -24*6/(-9). Suppose -2*f + 0 = -6. What is the highest common divisor of f and t?
3
Suppose -3 = -v + 1, 2 = -r + 3*v. What is the highest common divisor of 70 and r?
10
Let g = -4 + 8. Let k(y) = -16*y**3 - y**2 - y. Let r be k(-1). Calculate the highest common divisor of g and r.
4
Let k(y) = -y + 9. Let a be k(7). Suppose a*p - 5*p + 4*m + 112 = 0, 5*m = p - 30. What is the greatest common factor of p and 8?
8
Let y = -43 + 59. What is the greatest common factor of y and 12?
4
Let i = 33 - 9. Let x = -25 + 41. What is the greatest common factor of i and x?
8
Suppose 0 = -4*x + 5*a - 55, 4*x = -5*a - 17 - 8. Let d be (-4)/x*(-10)/(-2). Calculate the highest common divisor of d and 18.
2
Suppose 5*r + 270 - 765 = 0. Suppose -3*h - 4*f + 35 = 0, -2*f + 0 = h - 13. Calculate the highest common divisor of r and h.
9
Suppose -3*p + 5 = -x + 53, 24 = x + 3*p. What is the highest common divisor of 18 and x?
18
Let g be (-4)/(0 + (-6)/3). Suppose -3*x + 5*h + 61 = 0, 2*x = 3*x + g*h - 24. What is the greatest common divisor of 22 and x?
22
Let y(c) be the first derivative of -c**2/2 - 2*c + 1. Let k be y(-3). Let l be ((-144)/4)/(k - 2). What is the highest common factor of l and 12?
12
Suppose 0 = 3*h + 4*x + 7 - 23, -h = -2*x + 8. Suppose 3*w = -h*w + 18. Calculate the greatest common factor of w and 6.
6
Let b be 33/6*2 + -2. What is the highest common divisor of 63 and b?
9
Let b = 42 - 24. Calculate the greatest common factor of b and 90.
18
Let j(z) = 18*z**2 - 5*z + 6. Let r be j(3). Calculate the greatest common divisor of 34 and r.
17
Suppose -2*o + h + 38 = -o, 2*h - 6 = 0. Let g = o - 29. Calculate the highest common factor of 48 and g.
12
Let h be 2 + 0/(3 + -6). Suppose b + z - 5 = 0, 0 = b - 0*z + h*z - 6. What is the greatest common divisor of 6 and b?
2
Let w be (1 - 0) + (-48)/(-6). Suppose i + 6 = 4*i. Let s be (-35)/(-2) - i/(-4). What is the greatest common divisor of s and w?
9
Suppose i - 5 = 29. Let l be i - (1 + -1 + 2). Let z(u) = -u**2 - 8*u - 8. Let k be z(-6). Calculate the greatest common factor of k and l.
4
Let n = 21 - 11. Let o = n - -1. Calculate the highest common factor of o and 44.
11
Let k(v) = 2*v + 4. Let h be k(7). What is the highest common divisor of 126 and h?
18
Let s = -18 - -48. Calculate the greatest common divisor of 45 and s.
15
Let k = 71 + -26. Let r = 27 - 12. Calculate the highest common factor of r and k.
15
Let c = -10 + 10. Suppose -y + 12 = -c*y. Suppose -y = -0*b - 3*b. Calculate the greatest common factor of 6 and b.
2
Let g(n) = -80*n + 1. Let z be g(1). Let y = z + 134. What is the highest common factor of y and 5?
5
Let m(h) = h**3 - 7*h**2 + h - 24. Let o be m(9). What is the greatest common factor of o and 42?
21
Let k = 134 - 70. Calculate the greatest common factor of 8 and k.
8
Let f be (12/18)/(1/45). Suppose 2*h - 8 = f. What is the greatest common factor of 209 and h?
19
Let q be 2/2*(-1 - -2). Calculate the greatest common factor of q and 4.
1
Let l be 446/10 - 6/(-15). Suppose -4*b + b = -h - 26, 2*b - 13 = 5*h. What is the greatest common factor of b and l?
9
Let i be ((-57)/(-9))/(2/(-6)). Suppose 4*w - 5 = -f - 0, f - 5*w = -13. Let d = f - i. Calculate the greatest common divisor of 176 and d.
16
Let g(m) = m**2 + 5*m - 4. Let v be g(-6). Suppose -5*i = -v*i - 9. Let n be 4 + 1 + -3 + 4. What is the highest common factor of n and i?
3
Let c be (-26)/((2 - 2) + -2). Let h = -281 + 424. Calculate the highest common factor of c and h.
13
Suppose 5*d + 5 = 0, 4*b - 4*d - 59 = 29. What is the greatest common divisor of b and 63?
21
Let s(r) = -r**3 + r**2 + r + 95. Let l = 4 + -4. Let h be s(l). Let k(q) = q**3 - 3*q**2 + 3. Let i be k(4). What is the highest common factor of i and h?
19
Suppose 0*c + 2 = c. Let k(p) = -p**2 + 18*p - 7. Let d be k(18). Let h be c/d - 1516/(-14). Calculate the greatest common divisor of 12 and h.
12
Let b be (1 + 10/(-4))*-6. Let z = -433 - -436. Calculate the highest common factor of b and z.
3
Let s be 1684/14 + 4/(-14). Let p(t) = 0*t - 5*t**2 + t + 3 + t**3 + t**3. Let v be p(3). What is the greatest common divisor of s and v?
15
Suppose 2*v = 15 + 255. Calculate the greatest common factor of v and 45.
45
Suppose -11*u - 36 = -14*u. Calculate the highest common divisor of 84 and u.
12
Suppose -13 = -2*p + 15. What is the highest common divisor of p and 14?
14
Let m be 3 + -2 + (-9)/(-3). What is the highest common divisor of m and 4?
4
Let c be (-2)/5 + (-52)/(-5). Let l be (-2)/3*(-285)/c. What is the highest common factor of l and 38?
19
Suppose -117 = -3*b + 3*f, -3*b + 133 - 34 = 3*f. Calculate the greatest common factor of b and 36.
36
Let h = 6 - 2. Suppose 14 = -h*t + 174. What is the highest common factor of t and 5?
5
Let x(q) = -2*q. Let w be x(-5). Let p = w - 8. What is the highest common divisor of 18 and p?
2
Let s = -8 - -15. Calculate the highest common factor of s and 56.
7
Suppose 3 + 5 = 4*f. Suppose f*y + 147 = 5*y. Calculate the highest common factor of y and 7.
7
Let h = 149 - 89. Let o = 30 - 18. What is the greatest common factor of o and h?
12
Let r be (-2)/8 + (-49)/(-4). Let o be (((-24)/(-4))/1)/((-6)/(-8)). What is the highest common divisor of o and r?
4
Suppose 1 = 3*o - 14. Let d(u) = 7*u - 3. Let m be d(o). Suppose 3*w + 9 = 0, 5*g - 5*w - 265 = -10. What is the highest common divisor of g and m?
16
Let q be (-2)/2*-13*1. Calculate the highest common factor of 3